2 + x - 6. Calculate u(3).
15
Let r(a) = a**3 + 11*a**2 + 20*a - 13. Give r(-3).
-1
Let k(v) = 2*v**2 - 27*v - 12. Calculate k(14).
2
Let x(g) = g**2 + 14*g + 1. What is x(-9)?
-44
Let h(y) = y**2 + 6*y + 2. Calculate h(-6).
2
Let q(x) = -x**2 - 12*x + 15. What is q(-18)?
-93
Let a(j) = 4*j**3 - 2*j**2 - 4*j - 3. What is a(-2)?
-35
Let z(t) = -2*t**2 - 2*t. Calculate z(-2).
-4
Let g(w) = 23*w**2 - 138*w + 5. Determine g(6).
5
Let z(f) = 3*f - 3. Calculate z(6).
15
Let d(z) = -z**2 - 97*z + 616. Determine d(6).
-2
Let g(l) = -4*l**3 - l**2 + l - 4. Calculate g(2).
-38
Let n(l) = 2*l**2 + 15*l + 7. Determine n(-8).
15
Let n(k) = k**3 - 7*k**2 + 9*k - 3. Calculate n(3).
-12
Let w(m) = 4*m - 9. What is w(-7)?
-37
Let z(n) = -9*n**2 + 3*n - 2. Calculate z(1).
-8
Let f(b) = -b**3 + 9*b**2 - 3*b + 1. Determine f(8).
41
Let o(x) = -5*x**3 + 3*x**2 - 5*x + 9. Calculate o(2).
-29
Let a(k) = -k**3 + 3*k**2 + 7*k + 7. Calculate a(6).
-59
Let x(f) = -6*f + 51. Give x(9).
-3
Let u(f) = f**3 + 38*f**2 - 121*f + 80. What is u(-41)?
-2
Let z(i) = i**3 - 19*i**2 + 2*i - 33. What is z(19)?
5
Let a(m) = m**3 - 6*m**2 - m + 16. Determine a(7).
58
Let i(o) = -o - 6. Give i(-2).
-4
Let d(f) = -f + 20. What is d(22)?
-2
Let c(z) = z**3 + 29*z**2 + 30*z + 47. Give c(-28).
-9
Let s(r) = -r**3 + 12*r**2 + 15*r - 25. Give s(13).
1
Let m(s) = -2*s - 11. Determine m(-13).
15
Let n(h) = h**2 + 23*h - 12. Determine n(-22).
-34
Let m(x) = -x**3 + x**2 - x - 2. Determine m(0).
-2
Let z(b) = -60*b - 158. Determine z(-3).
22
Let r(b) = 2*b**2 + 28*b - 31. What is r(-15)?
-1
Let s(d) = d**3 - d**2 + 2. Give s(2).
6
Let c(k) = 11*k + 4. Calculate c(-1).
-7
Let l(k) = 2*k + 1. Give l(-4).
-7
Let q(v) = v**3 - 19*v**2. Calculate q(19).
0
Let v(t) = 39*t. Determine v(-1).
-39
Let t(a) = -a**2 - 11*a - 9. What is t(-11)?
-9
Let p(y) = -y + 7. Determine p(14).
-7
Let u(g) = -2*g**2 - 13*g + 1. Calculate u(-5).
16
Let u(z) = -5*z - 5. Calculate u(-2).
5
Let f(q) = q + 9. Calculate f(-12).
-3
Let q(b) = -5*b + 61. Determine q(12).
1
Let v(t) = -t**3 - 11*t**2 + 11*t - 17. Calculate v(-11).
-138
Let s(j) = -j**2 - 8*j - 16. Calculate s(-7).
-9
Let z(v) = v**2 + 14*v + 40. Give z(-9).
-5
Let w(f) = 2*f - 8. Calculate w(4).
0
Let g(q) = q**3 + 22*q**2 + 20. Calculate g(-22).
20
Let p(j) = -j**2 - j + 37. Determine p(-6).
7
Let n(r) = 4*r**3 - 23*r**2 + 10*r - 86. Determine n(6).
10
Let j(s) = -5*s + 44. What is j(10)?
-6
Let t(y) = -26*y**3 - 1. Determine t(1).
-27
Let t(c) = c**3 - 8*c**2 - c + 12. What is t(8)?
4
Let z(w) = -6*w**2 - 65*w + 10. Determine z(-11).
-1
Let z(s) = -s**2 - 13*s + 11. Calculate z(-11).
33
Let x(b) = -5*b + 1. Determine x(-6).
31
Let x(l) = 7*l + 11. Determine x(8).
67
Let i(m) = -12*m + 202. Calculate i(17).
-2
Let n(d) = -d**2 + 2*d + 9. Give n(4).
1
Let s(o) = -o**3 + 4*o**2 - 8*o + 4. Give s(4).
-28
Let h(l) = -3*l**3 - 2. What is h(-2)?
22
Let k(l) = -10*l + 4. Calculate k(1).
-6
Let s(i) = -i**2 - 10*i + 7. What is s(-11)?
-4
Let z(n) = 21*n + 12. Determine z(0).
12
Let r(n) = -n**3 + 2*n + 1. Calculate r(-2).
5
Let q(x) = -16*x + 85. What is q(5)?
5
Let k(t) = -t - 4. Determine k(-8).
4
Let b(i) = -i**2 - 38*i + 271. Determine b(6).
7
Let n(v) = v**3 + 13*v**2 + 13*v + 8. Determine n(-12).
-4
Let m(c) = -c**3 + 6*c**2 - 7*c + 6. Give m(5).
-4
Let a(h) = 5*h + 25. Give a(11).
80
Let u(l) = 2*l**2 + 8*l + 14. What is u(-3)?
8
Let r(n) = -9*n - 139. What is r(-26)?
95
Let i(a) = a**2 + 9*a + 21. Calculate i(-8).
13
Let q(t) = -t**2 - 19*t + 1. Calculate q(-12).
85
Let k(j) = 2*j**2 + 24*j - 17. Determine k(-12).
-17
Let d(l) = 8*l**2 - 4*l + 3. What is d(2)?
27
Let f(d) = 5*d + 145. Determine f(-27).
10
Let t(l) = -4*l + 2. Determine t(-13).
54
Let q(v) = v**2 + 3*v - 11. Give q(-5).
-1
Let c(g) = g**3 + 6*g**2 - 12*g - 14. Calculate c(-7).
21
Let i(b) = -b**3 + b**2 - b - 24. Determine i(0).
-24
Let w(d) = 164*d + 1133. What is w(-7)?
-15
Let z(n) = -15*n**3. Give z(-1).
15
Let y(g) = -3*g**3 - 4*g - 8. Determine y(-2).
24
Let a(k) = k**3 + 8*k**2 - 9*k + 2. Give a(-9).
2
Let z(h) = h**2 - 10*h - 16. Determine z(10).
-16
Let f(i) = i**2 + 8*i - 26. What is f(-12)?
22
Let h(y) = -y**3 - 5*y**2 + 10*y + 7. Give h(-6).
-17
Let z(n) = n**2 - 23. Determine z(-5).
2
Let j(b) = 2*b**2 + 5*b + 5. Calculate j(-2).
3
Let i(o) = -o**2 + 3*o - 3. What is i(3)?
-3
Let n(v) = -4*v - 19. Give n(8).
-51
Let g(u) = u**3 - 6*u**2 + 3*u - 16. Determine g(6).
2
Let o(n) = -n**3 - 45*n**2 + 197*n - 5. Determine o(4).
-1
Let b(m) = -2*m - 23. Give b(-4).
-15
Let m(c) = c**2 - 9*c - 3. Give m(11).
19
Let u(m) = 5*m + 26. Give u(-3).
11
Let o(d) = d**2 + 2*d - 6. Determine o(3).
9
Let h(y) = y**3 - 15*y**2 + 16*y - 19. Give h(14).
9
Let y(l) = 4*l - 19. Calculate y(9).
17
Let l(h) = h**3 + 23*h**2 - 28*h - 96. Calculate l(-24).
0
Let k(j) = -4*j**3 - 4*j**2 - 3*j. Determine k(-2).
22
Let k(y) = 3*y**2 - 158*y - 382. What is k(55)?
3
Let l(n) = 9*n**2 + 11*n + 18. Give l(-2).
32
Let l(w) = -w**3 + 7*w**2 - 8. What is l(7)?
-8
Let k(l) = -l**3 - 8*l**2 - 14. Give k(-8).
-14
Let s(i) = -i**3 - 7*i**2 + 27*i - 18. Calculate s(-10).
12
Let s(m) = -16*m + 23. Determine s(4).
-41
Let s(a) = -44*a**2 + 2*a - 2. Give s(1).
-44
Let c(p) = -p**3 - 11*p**2 - 7*p + 12. Calculate c(-10).
-18
Let r(o) = -5*o**2 + 5*o + 12. What is r(7)?
-198
Let r(c) = c**3 - 9*c**2 - 2*c - 13. What is r(9)?
-31
Let z(g) = g**2 - 20*g + 40. What is z(19)?
21
Let h(y) = 14*y + 535. Give h(-38).
3
Let z(y) = -y**2 - 7*y - 9. Determine z(-7).
-9
Let x(f) = -2*f - 10. Calculate x(-9).
8
Let x(a) = 5*a**2 - 141*a + 15. Calculate x(28).
-13
Let d(h) = 50*h + 110. Calculate d(-2).
10
Let v(g) = -2*g - 9. Calculate v(9).
-27
Let d(l) = -122*l + 133. What is d(1)?
11
Let t(i) = 6*i**2 - 2*i - 1. Determine t(1).
3
Let h(b) = b**2 - 18*b - 4. Give h(0).
-4
Let k(d) = 7*d - 24. What is k(5)?
11
Let m(x) = -11*x - 7. Calculate m(6).
-73
Let b(a) = -a**3 - 4*a**2 + 3*a - 5. Determine b(-4).
-17
Let x(p) = 6*p - 21. Give x(12).
51
Let w(q) = -9*q**3 + q. Give w(-1).
8
Let k(z) = z**3 + 3*z**2 + 3*z + 3. Determine k(-3).
-6
Let g(o) = -o**2 - 8*o + 49. Calculate g(6).
-35
Let s(c) = -c**2 + 14*c - 14. Give s(11).
19
Let g(r) = r**2 - 4*r - 8. Give g(0).
-8
Let r(l) = l**3 + l**2 - l - 55. Determine r(0).
-55
Let i(t) = -t**3 + 6*t**2 - t + 4. Calculate i(6).
-2
Let g(j) = j**3 + 14*j**2 - j - 5. Calculate g(-14).
9
Let o(y) = -y**3 + y**2 - y - 10. Calculate o(0).
-10
Let g(u) = 2*u**3 + u**2. What is g(0)?
0
Let u(m) = 9*m + 68. Calculate u(-7).
5
Let o(m) = -6*m**3. What is o(1)?
-6
Let c(a) = a**2 - 5*a - 31. Give c(10).
19
Let o(j) = -9*j - 53. Give o(-11).
46
Let q(r) = -r**2 + 16*r - 18. What is q(13)?
21
Let q(p) = -p**3 + 7*p - 1. What is q(-5)?
89
Let m(y) = 7*y**2 + 51*y + 47. What is m(-6)?
-7
Let u(o) = -o - 31. Calculate u(-11).
-20
Let q(j) = j**3 - 8*j - 3. Determine q(-3).
-6
Let z(s) = -s**3 + 12*s**2 - 7*s - 24. Give z(11).
20
Let b(f) = 2*f**2 + 9*f + 10. Determine b(-5).
15
Let c(s) = -15*s + 252. Give c(16).
12
Let z(o) = -o**2 + 7*o + 103. What is z(14)?
5
Let t(n) = n**3 + 6*n**2 + 5*n + 8. Calculate t(-5).
8
Let a(z) = -74*z**2 - 2*z + 4. Give a(1).
-72
Let y(h) = h**2 - 16*h + 34. What is y(14)?
6
Let j(c) = -73*c**3 + c + 2. What is j(-1)?
74
Let w(u) = -11*u + 84. Give w(8).
-4
Let b(a) = 117*a + 129. Calculate b(-1).
12
Let v(s) = -s + 10. Give v(-4).
14
Let w(a) = 3*a**2 + 4*a - 3. Determine w(-4).
29
Let m(v) = -20*v - 20. Calculate m(-4).
60
Let x(t) = -t**2 + 2*t + 1. Give x(5).
-14
Let v(i) = i + 4. Give v(10).
14
Let s(c) = c**3 - 3*c**2 + 6*c + 1. Determine s(3).
19
Let v(a) = a**2 + 14*a + 27. What is v(-11)?
-6
Let n(u) = u**2 - 9*u + 8. Give n(8).
0
Let c(z) = -9*z - 52. What is c(-7)?
11
Let d(x) = -x**3 + 2*x**2 + 4*x - 2. Give d(-2).
6
Let o(i) = -i**2 - 20*i - 41. What is o(-15)?
34
Let t(w) = -w**2 - 23*w + 25. What is t(-24)?
1
Let w(v) = v**3 - v**2. Determine w(3).
18
Let b(q) = -11*q**3 - 2*q**2 - q + 1. Calculate b(-2).
83
Let j(i) = i**3 - 7*i**2 - 56*i + 17. Calculate j(-5).
-3
Let v(a) = 19*a + 14. Give v(-3).
-43
Let p(z) = z**2 + 5. Calculate p(4).
21
Let j(y) = y**3 - 17*y**2 + 14*y + 37. Determine j(16).
5
Let b(h) = -h**3 + 10*h**2 - 6*h - 31. Give b(9).
-4
Let l(m) = 